 is the tens digit of r(7)?
1
Let j(o) = 2*o**3 - 5*o**2 + o + 3. Let v(z) = z**3 - 1. Let l(y) = j(y) - 3*v(y). Let b be l(-5). What is the tens digit of 24/b - (0 + 3)?
2
Let q(u) = -u - 3. Let m be q(-3). Let w be (0 - m) + (-42)/2. Let h = -13 - w. What is the units digit of h?
8
Suppose -h = -3*h + 276. What is the units digit of 10/(-4)*h/(-15)?
3
Suppose 3 = -2*g + 3*g. Suppose -4*s + 113 + g = 0. Suppose 16 + s = 3*j. What is the units digit of j?
5
Let p(d) = -6*d**2 - d + 1. Let r(y) = -7*y**2 - 2*y. Let f(t) = 6*p(t) - 5*r(t). Let c be f(5). What is the units digit of c/(-3) + 25/3?
8
Let q be 2/(2 + 0 + 0). Suppose -5*v + 3*v = 0. Let f = q + v. What is the units digit of f?
1
Let v(r) = r**3 - 6*r**2 + 5*r + 8. Let q be v(6). Suppose 0 = -2*h - 0*h + q. Suppose -3*s + 4*x - h = -4*s, -5*x + 14 = -2*s. What is the units digit of s?
3
Let g be -1 + -5*(0 - 2). Suppose -g = 2*z - 23. What is the units digit of z?
7
Let z(q) = -2 + 8*q + 4 - 2 - 1. What is the tens digit of z(2)?
1
Let a be -3 - (-2 - 2/(-2)). Let y(b) be the third derivative of -b**4/8 + b**3/6 - 3*b**2. What is the units digit of y(a)?
7
Let k be (-7)/(-4)*4/1. Let p = k - 5. Suppose -4*h + 3*b + 16 = 5*b, 0 = -2*h - p*b + 12. What is the units digit of h?
2
Suppose -5*x = -5*l, 0*x = -x - l - 8. What is the tens digit of x*(-4 - 51/12)?
3
Suppose t + 4*t - 4*s = 200, -4*s = -3*t + 128. What is the units digit of t?
6
Let l be ((-3)/(-6))/((-1)/(-30)). What is the units digit of 4/(-10) - (-186)/l?
2
Suppose 0 = -0*q + 3*q + 42. Let g(a) = -2*a**3 - 4*a**2 - 3*a + 3. Let z be g(-3). Let i = q + z. What is the tens digit of i?
1
Suppose -2*w = 3*w. Let k(g) = g + 21. What is the tens digit of k(w)?
2
Suppose -b = -6*b - 5. Let k = b - -3. Suppose -m - k + 8 = 0. What is the units digit of m?
6
Let y = 6 + -6. What is the units digit of 3*4 - -3 - y?
5
Let u(s) = -s + 6. Let d be u(3). Let j be 8 + -11 + (-1 - d). What is the units digit of 2/(-1)*28/j?
8
Suppose 0*r - 2*r = 16. Let n be 12/r*(-5 - -1). Suppose 2*q + 4*b = 36, 4*q - n*q = -4*b - 12. What is the units digit of q?
2
Let m = 158 - 24. What is the tens digit of m?
3
Suppose -k - 292 - 104 = -3*g, -2*g = -4*k - 274. What is the tens digit of g?
3
Let o = -18 + 26. Suppose o*j - 3*j = 25. What is the units digit of j?
5
Let y(c) = -7*c + 3. What is the tens digit of y(-4)?
3
What is the tens digit of 159/7 + (-8)/(-28)?
2
Let j = -37 - -119. What is the tens digit of j?
8
What is the tens digit of -11 - -11 - 18/(-1)?
1
Suppose 4*v - 179 = -g + 46, -4*v = -g - 231. What is the tens digit of v?
5
Let k(j) = -j**3 + 3*j**2 + 4*j - 4. Let v be k(4). Let x(t) = -t - 8. Let p be x(v). What is the units digit of 2/8 - 7/p?
2
Let r(q) = 9*q - 17. What is the tens digit of r(6)?
3
Suppose 2*y - 54 = -y. What is the units digit of ((-12)/y)/((-2)/9)?
3
Let b be (-2)/(-11) - (-60)/33. Suppose 2*y + 3 = -g - 0, -b = -4*g - y. What is the units digit of g?
1
Let x be 19/((2 - 3) + 0). Let w = 36 + x. What is the tens digit of w?
1
Let h(v) = 3*v**2 - 6*v + 1. Let s(p) = p**2 + p + 4. Let l be s(0). What is the units digit of h(l)?
5
Suppose n + 5*i = 35, -26 - 79 = -3*n + 5*i. Let l = 14 - n. Let r = l - -31. What is the tens digit of r?
1
Let r(y) = y - 3. Let f be r(7). Suppose f*j = j + 21. What is the units digit of j?
7
Suppose l - 16 = 17. Suppose 4*r + l = 117. Let v = r - 12. What is the units digit of v?
9
Let k = 9 + 102. What is the units digit of k?
1
Let q(z) = -9*z - 6. Let c be q(-4). What is the units digit of 1 + c/(2 + 0)?
6
Let v be (-8)/12 - (-2)/3. What is the units digit of 5 - (v/3 - -2)?
3
Let d = 14 - 10. Suppose -6 = -d*p + 42. What is the tens digit of p?
1
Suppose f = 3 - 5. Let r = 1 + f. Let m = 3 + r. What is the units digit of m?
2
Suppose -4*u + 405 = u. Let z = u + -53. Suppose -p + y = 2*p - z, 2*p = -5*y - 4. What is the units digit of p?
8
Let c be (7/2)/((-5)/30). What is the units digit of 3/(1 - -2) - c?
2
Let o(r) = r**3 + 7*r**2 + 4*r + 9. Let t be (-4)/10 + (-112)/20. Let s be o(t). What is the units digit of ((-7)/(-21))/(1/s)?
7
Suppose -5*s + s = -104. Suppose s - 102 = -2*m. Suppose 2 = -4*k + m. What is the units digit of k?
9
Let u(f) = 7*f**3 + 7*f + 8. Let l(m) = 20*m**3 + 20*m + 23. Let c(w) = 6*l(w) - 17*u(w). Let a(x) = x + 6. Let o be a(-6). What is the units digit of c(o)?
2
Let b(a) = 128*a**3 - a**2 - a. Let f be b(-1). What is the units digit of 1 - (-5)/((-20)/f)?
3
Let j(p) = -148*p**3 - 2*p - 2. What is the tens digit of j(-1)?
4
Let l = 121 + -86. What is the tens digit of l?
3
Let j(f) = f**3 - 15*f**2 + 16*f - 20. What is the units digit of j(14)?
8
Suppose 9*n - 243 = 6*n. What is the units digit of n?
1
Suppose -3*b = 4*j - 4*b - 161, 0 = 3*j - 5*b - 142. What is the tens digit of j?
3
Let v = -291 - -206. Let c = v - -120. What is the units digit of c?
5
Suppose -41 - 10 = 2*v + y, -v - 2*y - 21 = 0. Let h = -15 - v. What is the units digit of h?
2
Let r be (1 - 1)/(-3 + 2). Suppose r*q = -q + 14. What is the tens digit of q?
1
Suppose 2*g - 25 - 23 = 0. Suppose 18 = b - g. What is the units digit of b?
2
Let p(q) = 3*q**3 - q**2 - 3*q - 2. What is the tens digit of p(3)?
6
Suppose 11 = 3*f - 4. Suppose 4*w - 2*r - 112 = 0, 140 = 5*w - r + f*r. What is the tens digit of w?
2
Let d be ((-3)/3)/1 + 4. Suppose 4*w = -d*b + 32, 0 = 5*w - 4*b - 3 - 6. Let c = 7 - w. What is the units digit of c?
2
What is the units digit of (0 - 4)*19/(-2)?
8
Suppose s - 6*i = -i + 9, -3*s + 2*i + 1 = 0. What is the units digit of ((-8)/20)/(s/5)?
2
Let r(v) = v**2 + 2*v + 6. Let w be (2/3)/(32/240). What is the units digit of r(w)?
1
Let q(u) be the third derivative of u**6/120 + 7*u**5/60 + u**4/8 - 7*u**3/6 + 3*u**2. Let t be q(-5). Suppose -5*h + t = -h. What is the units digit of h?
7
Suppose -68 = -h - 10. What is the units digit of h?
8
Suppose 24 = j - 1. Suppose -4*c + 47 = -j. What is the units digit of 3/c + 35/6?
6
Let x be (-3 - (-3 + 11))/1. Let q = -6 - x. What is the units digit of q?
5
What is the hundreds digit of (-4 + 5)/(2/284)?
1
Let s = 56 + -27. Suppose 0 = 3*d - 4*g + s, -16 = -5*d + 2*g - 41. What is the units digit of 5 - 2/(-6)*d?
4
Let t = -1 - -1. Suppose p - 6 + 4 = t. What is the units digit of p?
2
Suppose -j + 7 = -3*r + 3, -4*j + r = 17. Let f = -6 - j. What is the tens digit of 162/12 + f/(-2)?
1
Let a(c) = 2*c**2 - 6*c - 7. What is the tens digit of a(-5)?
7
Suppose 6*j - 4*z = j + 1069, 5*z = -5. What is the hundreds digit of j?
2
Suppose -6*b - 14 = -7*b. What is the units digit of b?
4
Suppose 3*k - 303 = -0*k + t, 0 = 3*k - 3*t - 303. What is the hundreds digit of k?
1
What is the tens digit of 71 + 1 + (-3 - (-20)/5)?
7
Let j = 284 + -128. What is the units digit of j?
6
Suppose 2*l - l = -2*k + 4, -3*l + 12 = -k. Suppose 0 = l*m - 35 - 101. Let v = m - 15. What is the units digit of v?
9
Suppose o - 15 = 2*f, -o - 2*o = f - 24. Suppose -r + 2*w = 5*w + o, -4*w - 14 = 2*r. What is the units digit of (r - 6/(-2)) + 12?
2
Let w be 6/(-4)*(-6)/9. Let l(z) = -z**2 - 5*z + 6. Let a be l(-6). Let m = a + w. What is the units digit of m?
1
Let a be 6/(-2)*(-2)/3. Suppose -k = -a*k + 4. What is the units digit of k?
4
Let f be -1 - ((-2)/1)/2. What is the units digit of f - -2*(1 - 0)?
2
Let p(h) = -3*h**2 - h**3 - h + 4 - 4 + 2. Let c be p(-2). What is the units digit of 9*(c - (-4)/6)?
6
Let f be (-15)/(-20)*(-11 + -1). Suppose -3*y - 32 = -y. Let x = f - y. What is the units digit of x?
7
Let v(a) = -a + 4. Let o be v(3). Let k = 10 - o. What is the units digit of k?
9
Let q = -61 + 87. What is the tens digit of q?
2
Suppose -5*r = -18 - 2. What is the units digit of r?
4
Let t(x) = -x**3 - 3*x**2 + 2. Let h be t(-3). Suppose 0 = -2*z - h*z + 56. What is the units digit of z?
4
Let j = 2 - -2. Suppose -14 = -3*h + j*a, 0 = -3*h + 5*h + 4*a - 16. What is the units digit of h?
6
Suppose -112 = -i - 17. What is the tens digit of i?
9
Let i(c) be the second derivative of -c**4/12 - c**3 - 2*c**2 + 5*c. Let z be (-1)/((-1)/6*-2). What is the units digit of i(z)?
5
Let m(y) = -y**3 - 12*y**2 - 11*y + 5. Let k be m(-11). Suppose -k*n = -3*n - 50. What is the tens digit of n?
2
Let i(u) = -148*u**3 + 2*u**2 + u. What is the hundreds digit o